124 is divided by 4356?
768
What is the remainder when 7590 is divided by 245?
240
Calculate the remainder when 4277 is divided by 710.
17
What is the remainder when 6355 is divided by 351?
37
What is the remainder when 185658 is divided by 20?
18
Calculate the remainder when 29772 is divided by 397.
394
Calculate the remainder when 4689 is divided by 600.
489
What is the remainder when 38802 is divided by 32?
18
What is the remainder when 8231 is divided by 17?
3
Calculate the remainder when 27089 is divided by 69.
41
What is the remainder when 50155 is divided by 221?
209
What is the remainder when 17186 is divided by 68?
50
Calculate the remainder when 97 is divided by 58.
39
What is the remainder when 2497 is divided by 819?
40
Calculate the remainder when 7470 is divided by 3722.
26
Calculate the remainder when 5176 is divided by 1686.
118
Calculate the remainder when 5967957 is divided by 328.
325
What is the remainder when 11282 is divided by 2254?
12
Calculate the remainder when 5437 is divided by 2600.
237
Calculate the remainder when 4534 is divided by 89.
84
Calculate the remainder when 26618 is divided by 37.
15
What is the remainder when 66084 is divided by 182?
18
What is the remainder when 5132 is divided by 118?
58
What is the remainder when 2254011 is divided by 623?
620
Calculate the remainder when 5979 is divided by 355.
299
What is the remainder when 482649 is divided by 2204?
2177
What is the remainder when 328 is divided by 104?
16
What is the remainder when 59835 is divided by 28?
27
What is the remainder when 22115 is divided by 78?
41
Calculate the remainder when 36264 is divided by 10.
4
Calculate the remainder when 3627 is divided by 602.
15
What is the remainder when 31009 is divided by 457?
390
What is the remainder when 6577 is divided by 200?
177
What is the remainder when 60269 is divided by 3?
2
Calculate the remainder when 102328 is divided by 15.
13
What is the remainder when 360210 is divided by 36?
30
Calculate the remainder when 134328 is divided by 316.
28
What is the remainder when 4104 is divided by 49?
37
Calculate the remainder when 4562 is divided by 74.
48
What is the remainder when 244772 is divided by 157?
9
What is the remainder when 1263 is divided by 414?
21
Calculate the remainder when 6415 is divided by 195.
175
Calculate the remainder when 3025 is divided by 431.
8
Calculate the remainder when 211397 is divided by 46.
27
Calculate the remainder when 18884 is divided by 6288.
20
What is the remainder when 59761 is divided by 54?
37
Calculate the remainder when 10043 is divided by 3323.
74
What is the remainder when 412069 is divided by 8?
5
What is the remainder when 415312 is divided by 18?
16
What is the remainder when 21093 is divided by 166?
11
What is the remainder when 14964 is divided by 14016?
948
What is the remainder when 10391 is divided by 865?
11
What is the remainder when 13621 is divided by 1423?
814
Calculate the remainder when 137362 is divided by 1616.
2
Calculate the remainder when 220023 is divided by 188.
63
What is the remainder when 12611 is divided by 483?
53
What is the remainder when 26035 is divided by 39?
22
Calculate the remainder when 19039 is divided by 24.
7
What is the remainder when 1727 is divided by 36?
35
Calculate the remainder when 442739 is divided by 22135.
39
What is the remainder when 1396 is divided by 445?
61
Calculate the remainder when 496524 is divided by 58.
44
What is the remainder when 3243 is divided by 249?
6
What is the remainder when 17321 is divided by 624?
473
What is the remainder when 892611 is divided by 14?
13
Calculate the remainder when 2892329 is divided by 76.
73
What is the remainder when 562215 is divided by 31?
30
What is the remainder when 28308 is divided by 78?
72
Calculate the remainder when 11951 is divided by 69.
14
Calculate the remainder when 1706 is divided by 39.
29
What is the remainder when 105518 is divided by 35161?
35
Calculate the remainder when 2761 is divided by 12.
1
What is the remainder when 1116 is divided by 459?
198
Calculate the remainder when 20822 is divided by 10386.
50
Calculate the remainder when 368058 is divided by 35.
33
What is the remainder when 537728 is divided by 383?
379
What is the remainder when 5291 is divided by 1748?
47
What is the remainder when 876 is divided by 92?
48
Calculate the remainder when 1303 is divided by 61.
22
Calculate the remainder when 16422 is divided by 8209.
4
Calculate the remainder when 7956 is divided by 3967.
22
Calculate the remainder when 22293 is divided by 21.
12
Calculate the remainder when 15803 is divided by 5.
3
Calculate the remainder when 416812 is divided by 623.
25
What is the remainder when 55659 is divided by 16?
11
Calculate the remainder when 5571 is divided by 169.
163
What is the remainder when 109 is divided by 13?
5
Calculate the remainder when 9361 is divided by 1558.
13
What is the remainder when 6095 is divided by 2021?
32
What is the remainder when 16503 is divided by 1828?
51
What is the remainder when 15969 is divided by 420?
9
Calculate the remainder when 268110 is divided by 23.
22
What is the remainder when 13096 is divided by 4312?
160
What is the remainder when 2339 is divided by 14?
1
What is the remainder when 5393229 is divided by 13?
10
What is the remainder when 87941 is divided by 39?
35
What is the remainder when 23107 is divided by 11547?
13
Calculate the remainder when 41226 is divided by 41224.
2
Calculate the remainder when 12748 is divided by 16.
12
Calculate the remainder when 40885 is divided by 9.
7
Calculate the remainder when 1951 is divided by 657.
637
What is the remainder when 135019 is divided by 87?
82
Calculate the remainder when 34448 is divided by 16949.
550
Calculate the remainder when 357599 is divided by 551.
0
Calculate the remainder when 56684 is divided by 2099.
11
Calculate the remainder when 2914 is divided by 1413.
88
What is the remainder when 131405 is divided by 362?
361
Calculate the remainder when 15133 is divided by 70.
13
Calculate the remainder when 19980 is divided by 56.
44
Calculate the remainder when 338210 is divided by 47.
45
Calculate the remainder when 8835 is divided by 8801.
34
Calculate the remainder when 76874 is divided by 2398.
138
What is the remainder when 6544 is divided by 88?
32
What is the remainder when 749 is divided by 116?
53
What is the remainder when 21695 is divided by 415?
115
Calculate the remainder when 26810 is divided by 575.
360
What is the remainder when 28015 is divided by 8?
7
What is the remainder when 1125 is divided by 218?
35
What is the remainder when 5659 is divided by 1824?
187
What is the remainder when 14875 is divided by 3594?
499
Calculate the remainder when 1545 is divided by 522.
501
Calculate the remainder when 74449 is divided by 5.
4
Calculate the remainder when 2765 is divided by 50.
15
What is the remainder when 27490 is divided by 126?
22
What is the remainder when 861 is divided by 194?
85
What is the remainder when 739370 is divided by 3?
2
Calculate the remainder when 13136 is divided by 2023.
998
What is the remainder when 21171 is divided by 623?
612
What is the remainder when 1898 is divided by 138?
104
What is the remainder when 1043 is divided by 932?
111
What is the remainder when 62414 is divided by 102?
92
Calculate the remainder when 1843619 is divided by 1416.
1403
Calculate the remainder when 226247 is divided by 22.
21
Calculate the remainder when 235 is divided by 87.
61
What is the remainder when 1847197 is divided by 32?
29
What is the remainder when 252873 is divided by 119?
117
Calculate the remainder when 3379 is divided by 1124.
7
Calculate the remainder when 52096 is divided by 948.
904
What is the remainder when 642332 is divided by 19?
18
Calculate the remainder when 33592 is divided by 11.
9
What is the remainder when 650 is divided by 52?
26
Calculate the remainder when 214874 is divided by 16.
10
Calculate the remainder when 9626 is divided by 4162.
1302
What is the remainder when 632 is divided by 215?
202
What is the remainder when 66135 is divided by 73?
70
Calculate the remainder when 11852 is divided by 48.
44
Calculate the remainder when 321416 is divided by 487.
483
What is the remainder when 